{"id":73,"date":"2016-04-07T18:10:41","date_gmt":"2016-04-07T16:10:41","guid":{"rendered":"http:\/\/www.nemo-mobilitaet.de\/blog\/?page_id=73"},"modified":"2019-12-10T15:48:31","modified_gmt":"2019-12-10T13:48:31","slug":"projektbeirat","status":"publish","type":"page","link":"https:\/\/nemo-mobilitaet.de\/blog\/de\/projektkonsortium\/projektbeirat\/","title":{"rendered":"Projektbeirat"},"content":{"rendered":"<ul>\n<li><strong><a href=\"http:\/\/www.barghorn.de\/\" target=\"_blank\" rel=\"noopener noreferrer\">Gunnar Barghorn<\/a><\/strong> &#8211; Gesch\u00e4ftsf\u00fchrer Barghorn GmbH &amp; Co. KG<\/li>\n<li><strong> Professor Dr. rer. nat. habil. Helmut Faasch<\/strong> &#8211; ehemals Leuphana Universit\u00e4t L\u00fcneburg &#8211; Abteilung f\u00fcr Rechnernetze, Datenbanken und Grundlagen der Informatik<\/li>\n<li><strong>apl. Professor Dr. rer. nat. habil. Helmut Lessing<\/strong> &#8211; e2work GmbH<\/li>\n<li><a href=\"https:\/\/www.wiso.uni-hamburg.de\/fachbereich-sozoek\/professuren\/manderscheid\/04-team\/01-katharina-manderscheid.html\" target=\"_blank\" rel=\"noopener noreferrer\"><strong>Professorin Dr. Katharina Manderscheid<\/strong><\/a> &#8211; Universit\u00e4t Hamburg &#8211; Fachbereich Soziologie, insbesondere Lebensf\u00fchrung und Nachhaltigkeit<\/li>\n<\/ul>\n","protected":false},"excerpt":{"rendered":"<p>Gunnar Barghorn &#8211; Gesch\u00e4ftsf\u00fchrer Barghorn GmbH &amp; Co. KG Professor Dr. rer. nat. habil. Helmut Faasch &#8211; ehemals Leuphana Universit\u00e4t L\u00fcneburg &#8211; Abteilung f\u00fcr Rechnernetze, Datenbanken und Grundlagen der Informatik apl. Professor Dr. rer. nat. habil. Helmut Lessing &#8211; e2work GmbH Professorin Dr. Katharina Manderscheid &#8211; Universit\u00e4t Hamburg &#8211; Fachbereich <a class=\"more-link\" href=\"https:\/\/nemo-mobilitaet.de\/blog\/de\/projektkonsortium\/projektbeirat\/\">weiterlesen&#8230;<\/a><\/p>\n","protected":false},"author":1,"featured_media":0,"parent":25,"menu_order":0,"comment_status":"closed","ping_status":"closed","template":"","meta":{"footnotes":"","_links_to":"","_links_to_target":""},"_links":{"self":[{"href":"https:\/\/nemo-mobilitaet.de\/blog\/wp-json\/wp\/v2\/pages\/73"}],"collection":[{"href":"https:\/\/nemo-mobilitaet.de\/blog\/wp-json\/wp\/v2\/pages"}],"about":[{"href":"https:\/\/nemo-mobilitaet.de\/blog\/wp-json\/wp\/v2\/types\/page"}],"author":[{"embeddable":true,"href":"https:\/\/nemo-mobilitaet.de\/blog\/wp-json\/wp\/v2\/users\/1"}],"replies":[{"embeddable":true,"href":"https:\/\/nemo-mobilitaet.de\/blog\/wp-json\/wp\/v2\/comments?post=73"}],"version-history":[{"count":14,"href":"https:\/\/nemo-mobilitaet.de\/blog\/wp-json\/wp\/v2\/pages\/73\/revisions"}],"predecessor-version":[{"id":2865,"href":"https:\/\/nemo-mobilitaet.de\/blog\/wp-json\/wp\/v2\/pages\/73\/revisions\/2865"}],"up":[{"embeddable":true,"href":"https:\/\/nemo-mobilitaet.de\/blog\/wp-json\/wp\/v2\/pages\/25"}],"wp:attachment":[{"href":"https:\/\/nemo-mobilitaet.de\/blog\/wp-json\/wp\/v2\/media?parent=73"}],"curies":[{"name":"wp","href":"https:\/\/api.w.org\/{rel}","templated":true}]}}

<ul>
<li><strong><a href="http://www.barghorn.de/" target="_blank" rel="noopener noreferrer">Gunnar Barghorn</a></strong> &#8211; Geschäftsführer Barghorn GmbH &amp; Co. KG</li>
<li><strong> Professor Dr. rer. nat. habil. Helmut Faasch</strong> &#8211; ehemals Leuphana Universität Lüneburg &#8211; Abteilung für Rechnernetze, Datenbanken und Grundlagen der Informatik</li>
<li><strong>apl. Professor Dr. rer. nat. habil. Helmut Lessing</strong> &#8211; e2work GmbH</li>
<li><a href="https://www.wiso.uni-hamburg.de/fachbereich-sozoek/professuren/manderscheid/04-team/01-katharina-manderscheid.html" target="_blank" rel="noopener noreferrer"><strong>Professorin Dr. Katharina Manderscheid</strong></a> &#8211; Universität Hamburg &#8211; Fachbereich Soziologie, insbesondere Lebensführung und Nachhaltigkeit</li>
</ul>

<p>Gunnar Barghorn &#8211; Geschäftsführer Barghorn GmbH &amp; Co. KG Professor Dr. rer. nat. habil. Helmut Faasch &#8211; ehemals Leuphana Universität Lüneburg &#8211; Abteilung für Rechnernetze, Datenbanken und Grundlagen der Informatik apl. Professor Dr. rer. nat. habil. Helmut Lessing &#8211; e2work GmbH Professorin Dr. Katharina Manderscheid &#8211; Universität Hamburg &#8211; Fachbereich <a class="more-link" href="https://nemo-mobilitaet.de/blog/de/projektkonsortium/projektbeirat/">weiterlesen&#8230;</a></p>
