{"id":2881,"date":"2019-12-13T13:21:14","date_gmt":"2019-12-13T11:21:14","guid":{"rendered":"http:\/\/nemo-mobilitaet.de\/blog\/?page_id=2881"},"modified":"2020-07-08T15:35:00","modified_gmt":"2020-07-08T13:35:00","slug":"datenschutzerklaerung","status":"publish","type":"page","link":"https:\/\/nemo-mobilitaet.de\/blog\/de\/datenschutzerklaerung\/","title":{"rendered":"Datenschutzerkl\u00e4rung f\u00fcr die Nutzung der Website"},"content":{"rendered":"\n<p><strong>\u00a7 1 Informationen \u00fcber die Erhebung und Verarbeitung personenbezogener Daten<\/strong><\/p>\n\n\n\n<ol><li>Im Folgenden informieren wir Sie \u00fcber die Erhebung und Verwendung von personenbezogener Daten, wenn Sie unsere Website https:\/\/nemo-mobilitaet.de\/ besuchen. Personenbezogene Daten sind dabei alle Daten, die auf Sie pers\u00f6nlich beziehbar sind.<\/li><li>Damit Sie wissen wie Ihre personenbezogenen Daten verarbeitet werden, informieren wir Sie im nachfolgenden, in welchem Umfang, zu welchem Zweck sowie auf welcher Rechtsgrundlage wir eine Verarbeitung vornehmen. Die Verarbeitung personenbezogener Daten erfolgt insoweit nur dann, wenn es f\u00fcr die Bereitstellung der technischen Funktionst\u00fcchtigkeit der App, deren Inhalt oder der angebotenen Leistung erforderlich ist oder sie ausdr\u00fccklich in die Verarbeitung der personenbezogenen Daten eingewilligt haben.&nbsp; Ferner erhalten Sie Informationen dar\u00fcber, welche Rechte Ihnen zustehen und wie lange Ihre Daten gespeichert werden. Auch kl\u00e4ren wir Sie dar\u00fcber auf, wer Ihr Ansprechpartner ist.<\/li><\/ol>\n\n\n\n<p><strong>\u00a7 2 Name und Anschrift des Verantwortlichen und des Datenschutzbeauftragten der Verantwortlichen<\/strong><\/p>\n\n\n\n<ol><li>Der Verantwortliche im Sinne von Art. 4 Abs. 7 Datenschutz-Grundverordnung (im Folgenden DS-GVO) und anderer nationaler Datenschutzgesetze der Mitgliedstaaten sowie sonstiger datenschutzrechtlicher Bestimmungen, insb. auch der Diensteanbieter gem. \u00a7 13 TMG, ist:<br><br>Carl von Ossietzky Universit\u00e4t Oldenburg, K\u00f6rperschaft des \u00f6ffentlichen Rechts<br>vertreten durch den Pr\u00e4sidenten<br>Ammerl\u00e4nder Heerstr. 114-118<br>26129 Oldenburg<br>Tel.: +49 441 798-0<br>E-Mail: internet(at)uni-oldenburg.de<br>Website: https:\/\/www.uni-oldenburg.de<\/li><li>Datenschutzbeauftragter der Verantwortlichen ist: <br><br>Ammerl\u00e4nder Heerstr. 114-118<br> 26129 Oldenburg<br> Tel: 0441 798-4196 <br> E-Mail:&nbsp;dsuni@uol.de<\/li><\/ol>\n\n\n\n<p><strong>\u00a7 3 Ihre Rechte<\/strong><\/p>\n\n\n\n<ul><li>Ihnen stehen folgende Rechte hinsichtlich Ihrer personenbezogenen Daten gegen\u00fcber uns zu:<ul><li>Auskunftsrecht<\/li><\/ul><ul><li>Recht auf Berichtigung<\/li><\/ul><ul><li>Recht auf Einschr\u00e4nkung der Verarbeitung<\/li><\/ul><ul><li>Recht auf L\u00f6schung<\/li><\/ul><ul><li>Recht auf Unterrichtung <\/li><\/ul><ul><li>Recht auf Daten\u00fcbertragung<\/li><\/ul><ul><li>Widerspruchsrecht<\/li><\/ul><ul><li>Widerrufsrecht bei der datenschutzrechtlichen Einwilligungserkl\u00e4rung<\/li><\/ul><ul><li>Rechte auf Beschwerde bei einer Aufsichtsbeh\u00f6rde<\/li><\/ul><\/li><li>M\u00f6chten Sie diese Rechte gelten machen, so richten Sie bitte, unter Nennung Ihres Namens und unter Bezeichnung des Rechtes, eine E-Mail an cedrik.theesen@uni-oldenburg.de oder richten Sie sich an eine der oben benannten Stellen.<\/li><\/ul>\n\n\n\n<p><strong>\u00a7 4 Erhebung personenbezogener Daten bei Besuch der Website<\/strong><\/p>\n\n\n\n<ol><li><strong>Bereitstellung der Website und Protokolldateien<\/strong><br>Beim Aufrufen unserer Website erheben wir nur die personenbezogenen  Daten, die Ihr Browser an unseren Server \u00fcbermittelt. Bei diesen Daten  handelt es sich um die IP-Adresse, Uhrzeit des Abrufes, Website des  Abrufes, Browsertyp- und -version \/ Betriebssystem (&#8220;User-Agent  String&#8221;), Referrer URL, Hostname, Uhrzeit. Die Erhebung und Speicherung  dieser personenbezogenen Daten, ist technisch erforderlich und erfolgt  zur Gew\u00e4hrleistung der Stabilit\u00e4t und der Sicherheit der Website. Hierin  liegt unser berechtigtes Interesse, sodass die Rechtsgrundlage Art. 6  Abs. 1 lit. f. DS-GVO ist. Die Daten werden gel\u00f6scht, sobald ihre  Speicherung nicht mehr erforderlich ist.<br><\/li><li> <strong>Einsatz von Cookies<\/strong> <br>Unsere Website verwendet Cookies. Bei Cookies handelt es sich um kleine  Textdateien, die auf Ihrer Festplatte dem von Ihnen verwendeten Browser  zugeordnet und gespeichert werden. Durch den Cookie, flie\u00dfen der  einsetzenden Stelle Informationen zu. Cookies ist es aber weder m\u00f6glich,  Programme auszuf\u00fchren noch Vieren auf Ihr Endger\u00e4t zu \u00fcbertragen.<br>Unsere Website ben\u00f6tigt folgende technisch notwendigen Cookies, damit  Ihnen die Website m\u00f6glichst nutzerfreundlich dargestellt werden kann:<ol><li> Transiente Cookies<br> Die transienten Cookies werden automatisch gel\u00f6scht, wenn Sie die  Sitzung beenden, also das Browserfenster schlie\u00dfen. Zu diesen Cookies  z\u00e4hlt auch der hier verwendete Session-Cookie, der die sog. Session-ID  speichert. Mit dieser sind unterschiedliche Anfragen Ihres Browsers der  gemeinsamen Sitzung zuzuordnen. Hierdurch kann die Website sie erkennen,  wenn Sie auf unsere Website zur\u00fcckkehren.<\/li><li> Persistente Cookies<br> Persistente Cookies werden automatisch nach einer bestimmten,  vorgegebenen Zeit gel\u00f6scht. Diese unterscheidet sich je nach dem  jeweiligen Cookie. Sie haben aber jederzeit die M\u00f6glichkeit die Cookies  in den Sicherheitseinstellungen des Browsers zu l\u00f6schen. Der hier  verwendete Cookie \u00fcbernimmt die Spracheinstellungen.<\/li><\/ol><\/li><\/ol>\n\n\n\n<p>Diese Cookies dienen dazu, das Angebot nutzerfreundlicher und effektiver zu gestalten. Die Rechtsgrundlage f\u00fcr den Einsatz der Cookies ist somit unser berechtigtes Interesse, gem. Art. 6 Abs. 1 lit. f DS-GVO. Sie haben die M\u00f6glichkeit in den Einstellungen Ihres Internetbrowsers die \u00dcbertragung der Cookies zu deaktivieren oder einzuschr\u00e4nken. Bereits gespeicherte Cookies k\u00f6nnen jederzeit gel\u00f6scht werden. Werden Cookies f\u00fcr unsere Website deaktiviert, k\u00f6nnen m\u00f6glicherweise nicht mehr alle Funktionen der Website vollumf\u00e4nglich genutzt werden.<\/p>\n\n\n\n<p><strong>\u00a7 5 Kontaktaufnahme <\/strong><\/p>\n\n\n\n<ol><li>M\u00f6glichkeiten der Kontaktaufnahme<br>Sie haben die M\u00f6glichkeit mit uns Kontakt aufzunehmen, indem Sie uns  eine E-Mail schreiben (an cedrik.theesen@uni-oldenburg.de oder an die  oben benannte E-Mail-Adresse) oder sich telefonisch bei uns melden.  Ferner haben Sie die M\u00f6glichkeit, sich \u00fcber das auf unserer Homepage  angebotene Kontaktformular an uns zu wenden.  <ol><li>Telefonisch<br> Bei der telefonischen Kontaktaufnahme, werden die Daten gespeichert, die  uns von Ihnen mitgeteilt wurden, wie Z.B. Ihr Name, die E-Mailadresse  und ggf. die Telefonnummer. Diese personenbezogenen Daten werden  gel\u00f6scht, sobald die Speicherung nicht mehr erforderlich ist. Dies ist  dann der Fall, wenn wir Ihr Anliegen kl\u00e4ren konnten. Rechtsgrundlage f\u00fcr  die Speicherung Ihren Daten ist Ihre Einwilligung, Art. 6 Abs. 1 lit. a  DS-GVO. <\/li><li>E-Mail<br>Alternativ ist eine Kontaktaufnahme \u00fcber die E-Mail-Adresse  (cedrik.theesen@uni-oldenburg.de oder der oben angegebenen  E-Mail-Adresse) m\u00f6glich. In diesem Fall werden die mit der E-Mail  \u00fcbermittelten personenbezogenen Daten des Nutzers gespeichert, um Ihre  Anfrage bearbeiten zu k\u00f6nnen. Diese liegt in der eindeutig best\u00e4tigenden  Handlung der Eingabe und Zusendung Ihrer personenbezogenen. Die  Rechtsgrundlage ist somit Art. 6 lit. a DS-GVO.<\/li><li> Kontaktformular<br>Auf unserer Internetseite ist ein Kontaktformular vorhanden, welches f\u00fcr  die elektronische Kontaktaufnahme genutzt werden kann. Nehmen Sie diese  M\u00f6glichkeit wahr, so werden die in der Eingabemaske eingegeben Daten an  uns \u00fcbermittelt und gespeichert. Hierbei handelt es sich um Ihren  Namen, die E-Mail und Ihre Anmerkungen. Diese Daten ben\u00f6tigen wir, um  Ihre Anfrage zu beantworten. Damit wir diese personenbezogenen Daten  verarbeiten k\u00f6nnen, bedarf es Ihrer Einwilligung. Diese liegt in der  eindeutig best\u00e4tigenden Handlung der Eingabe und Zusendung Ihrer  personenbezogenen. Die Rechtsgrundlage ist somit Art. 6 lit. a DS-GVO.<br> Im Zeitpunkt des Absendens der Nachricht, werden folgende Daten  gespeichert: IP-Adresse, Datum und Uhrzeit der Anfrage. Die Verarbeitung  dieser personenbezogenen Daten ist aus technischen Gr\u00fcnden notwendig.  Hierin liegt auch unser berechtigtes Interesse gem. Art. 6 lit.\u00a0f.  DS-GVO.<\/li><\/ol><\/li><li> Widerrufsrecht <br>Sie haben jederzeit die M\u00f6glichkeit Ihre Einwilligung in die  Datenverarbeitung mit Wirkung f\u00fcr die Zukunft zu wiederrufen, indem Sie,  unter Nennung Ihres Namens und der zu widerrufenden  Einwilligungserkl\u00e4rung, eine E-Mail an cedrik.theesen@uni-oldenburg.de  senden. <\/li><li> Es erfolgt in diesem Zusammenhang keine Weitergabe der Daten an Dritte. Die Daten werden ausschlie\u00dflich f\u00fcr die Verarbeitung der Konversation verwendet.<\/li><li>Die Daten werden gel\u00f6scht, sobald sie f\u00fcr die Erreichung des Zweckes ihrer Erhebung nicht mehr erforderlich sind. F\u00fcr die personenbezogenen Daten aus der Eingabemaske des Kontaktformulars und diejenigen, die per E-Mail \u00fcbersandt wurden, ist dies dann der Fall, wenn die jeweilige Konversation mit Ihnen beendet ist. Beendet ist die Konversation dann, wenn sich aus den Umst\u00e4nden entnehmen l\u00e4sst, dass der betroffene Sachverhalt abschlie\u00dfend gekl\u00e4rt ist. Die w\u00e4hrend des Absendevorgangs zus\u00e4tzlich erhobenen personenbezogenen Daten werden sp\u00e4testens nach einer Frist von sieben Tagen gel\u00f6scht. <\/li><\/ol>\n","protected":false},"excerpt":{"rendered":"<p>\u00a7 1 Informationen \u00fcber die Erhebung und Verarbeitung personenbezogener Daten Im Folgenden informieren wir Sie \u00fcber die Erhebung und Verwendung von personenbezogener Daten, wenn Sie unsere Website https:\/\/nemo-mobilitaet.de\/ besuchen. Personenbezogene Daten sind dabei alle Daten, die auf Sie pers\u00f6nlich beziehbar sind. Damit Sie wissen wie Ihre personenbezogenen Daten verarbeitet werden, <a class=\"more-link\" href=\"https:\/\/nemo-mobilitaet.de\/blog\/de\/datenschutzerklaerung\/\">weiterlesen&#8230;<\/a><\/p>\n","protected":false},"author":1,"featured_media":0,"parent":0,"menu_order":0,"comment_status":"closed","ping_status":"closed","template":"","meta":{"footnotes":"","_links_to":"","_links_to_target":""},"_links":{"self":[{"href":"https:\/\/nemo-mobilitaet.de\/blog\/wp-json\/wp\/v2\/pages\/2881"}],"collection":[{"href":"https:\/\/nemo-mobilitaet.de\/blog\/wp-json\/wp\/v2\/pages"}],"about":[{"href":"https:\/\/nemo-mobilitaet.de\/blog\/wp-json\/wp\/v2\/types\/page"}],"author":[{"embeddable":true,"href":"https:\/\/nemo-mobilitaet.de\/blog\/wp-json\/wp\/v2\/users\/1"}],"replies":[{"embeddable":true,"href":"https:\/\/nemo-mobilitaet.de\/blog\/wp-json\/wp\/v2\/comments?post=2881"}],"version-history":[{"count":20,"href":"https:\/\/nemo-mobilitaet.de\/blog\/wp-json\/wp\/v2\/pages\/2881\/revisions"}],"predecessor-version":[{"id":3193,"href":"https:\/\/nemo-mobilitaet.de\/blog\/wp-json\/wp\/v2\/pages\/2881\/revisions\/3193"}],"wp:attachment":[{"href":"https:\/\/nemo-mobilitaet.de\/blog\/wp-json\/wp\/v2\/media?parent=2881"}],"curies":[{"name":"wp","href":"https:\/\/api.w.org\/{rel}","templated":true}]}}

Datenschutzerklärung für die Nutzung der Website

<p><strong>§ 1 Informationen über die Erhebung und Verarbeitung personenbezogener Daten</strong></p>



<ol><li>Im Folgenden informieren wir Sie über die Erhebung und Verwendung von personenbezogener Daten, wenn Sie unsere Website https://nemo-mobilitaet.de/ besuchen. Personenbezogene Daten sind dabei alle Daten, die auf Sie persönlich beziehbar sind.</li><li>Damit Sie wissen wie Ihre personenbezogenen Daten verarbeitet werden, informieren wir Sie im nachfolgenden, in welchem Umfang, zu welchem Zweck sowie auf welcher Rechtsgrundlage wir eine Verarbeitung vornehmen. Die Verarbeitung personenbezogener Daten erfolgt insoweit nur dann, wenn es für die Bereitstellung der technischen Funktionstüchtigkeit der App, deren Inhalt oder der angebotenen Leistung erforderlich ist oder sie ausdrücklich in die Verarbeitung der personenbezogenen Daten eingewilligt haben.&nbsp; Ferner erhalten Sie Informationen darüber, welche Rechte Ihnen zustehen und wie lange Ihre Daten gespeichert werden. Auch klären wir Sie darüber auf, wer Ihr Ansprechpartner ist.</li></ol>



<p><strong>§ 2 Name und Anschrift des Verantwortlichen und des Datenschutzbeauftragten der Verantwortlichen</strong></p>



<ol><li>Der Verantwortliche im Sinne von Art. 4 Abs. 7 Datenschutz-Grundverordnung (im Folgenden DS-GVO) und anderer nationaler Datenschutzgesetze der Mitgliedstaaten sowie sonstiger datenschutzrechtlicher Bestimmungen, insb. auch der Diensteanbieter gem. § 13 TMG, ist:<br><br>Carl von Ossietzky Universität Oldenburg, Körperschaft des öffentlichen Rechts<br>vertreten durch den Präsidenten<br>Ammerländer Heerstr. 114-118<br>26129 Oldenburg<br>Tel.: +49 441 798-0<br>E-Mail: internet(at)uni-oldenburg.de<br>Website: https://www.uni-oldenburg.de</li><li>Datenschutzbeauftragter der Verantwortlichen ist: <br><br>Ammerländer Heerstr. 114-118<br> 26129 Oldenburg<br> Tel: 0441 798-4196 <br> E-Mail:&nbsp;dsuni@uol.de</li></ol>



<p><strong>§ 3 Ihre Rechte</strong></p>



<ul><li>Ihnen stehen folgende Rechte hinsichtlich Ihrer personenbezogenen Daten gegenüber uns zu:<ul><li>Auskunftsrecht</li></ul><ul><li>Recht auf Berichtigung</li></ul><ul><li>Recht auf Einschränkung der Verarbeitung</li></ul><ul><li>Recht auf Löschung</li></ul><ul><li>Recht auf Unterrichtung </li></ul><ul><li>Recht auf Datenübertragung</li></ul><ul><li>Widerspruchsrecht</li></ul><ul><li>Widerrufsrecht bei der datenschutzrechtlichen Einwilligungserklärung</li></ul><ul><li>Rechte auf Beschwerde bei einer Aufsichtsbehörde</li></ul></li><li>Möchten Sie diese Rechte gelten machen, so richten Sie bitte, unter Nennung Ihres Namens und unter Bezeichnung des Rechtes, eine E-Mail an cedrik.theesen@uni-oldenburg.de oder richten Sie sich an eine der oben benannten Stellen.</li></ul>



<p><strong>§ 4 Erhebung personenbezogener Daten bei Besuch der Website</strong></p>



<ol><li><strong>Bereitstellung der Website und Protokolldateien</strong><br>Beim Aufrufen unserer Website erheben wir nur die personenbezogenen  Daten, die Ihr Browser an unseren Server übermittelt. Bei diesen Daten  handelt es sich um die IP-Adresse, Uhrzeit des Abrufes, Website des  Abrufes, Browsertyp- und -version / Betriebssystem (&#8220;User-Agent  String&#8221;), Referrer URL, Hostname, Uhrzeit. Die Erhebung und Speicherung  dieser personenbezogenen Daten, ist technisch erforderlich und erfolgt  zur Gewährleistung der Stabilität und der Sicherheit der Website. Hierin  liegt unser berechtigtes Interesse, sodass die Rechtsgrundlage Art. 6  Abs. 1 lit. f. DS-GVO ist. Die Daten werden gelöscht, sobald ihre  Speicherung nicht mehr erforderlich ist.<br></li><li> <strong>Einsatz von Cookies</strong> <br>Unsere Website verwendet Cookies. Bei Cookies handelt es sich um kleine  Textdateien, die auf Ihrer Festplatte dem von Ihnen verwendeten Browser  zugeordnet und gespeichert werden. Durch den Cookie, fließen der  einsetzenden Stelle Informationen zu. Cookies ist es aber weder möglich,  Programme auszuführen noch Vieren auf Ihr Endgerät zu übertragen.<br>Unsere Website benötigt folgende technisch notwendigen Cookies, damit  Ihnen die Website möglichst nutzerfreundlich dargestellt werden kann:<ol><li> Transiente Cookies<br> Die transienten Cookies werden automatisch gelöscht, wenn Sie die  Sitzung beenden, also das Browserfenster schließen. Zu diesen Cookies  zählt auch der hier verwendete Session-Cookie, der die sog. Session-ID  speichert. Mit dieser sind unterschiedliche Anfragen Ihres Browsers der  gemeinsamen Sitzung zuzuordnen. Hierdurch kann die Website sie erkennen,  wenn Sie auf unsere Website zurückkehren.</li><li> Persistente Cookies<br> Persistente Cookies werden automatisch nach einer bestimmten,  vorgegebenen Zeit gelöscht. Diese unterscheidet sich je nach dem  jeweiligen Cookie. Sie haben aber jederzeit die Möglichkeit die Cookies  in den Sicherheitseinstellungen des Browsers zu löschen. Der hier  verwendete Cookie übernimmt die Spracheinstellungen.</li></ol></li></ol>



<p>Diese Cookies dienen dazu, das Angebot nutzerfreundlicher und effektiver zu gestalten. Die Rechtsgrundlage für den Einsatz der Cookies ist somit unser berechtigtes Interesse, gem. Art. 6 Abs. 1 lit. f DS-GVO. Sie haben die Möglichkeit in den Einstellungen Ihres Internetbrowsers die Übertragung der Cookies zu deaktivieren oder einzuschränken. Bereits gespeicherte Cookies können jederzeit gelöscht werden. Werden Cookies für unsere Website deaktiviert, können möglicherweise nicht mehr alle Funktionen der Website vollumfänglich genutzt werden.</p>



<p><strong>§ 5 Kontaktaufnahme </strong></p>



<ol><li>Möglichkeiten der Kontaktaufnahme<br>Sie haben die Möglichkeit mit uns Kontakt aufzunehmen, indem Sie uns  eine E-Mail schreiben (an cedrik.theesen@uni-oldenburg.de oder an die  oben benannte E-Mail-Adresse) oder sich telefonisch bei uns melden.  Ferner haben Sie die Möglichkeit, sich über das auf unserer Homepage  angebotene Kontaktformular an uns zu wenden.  <ol><li>Telefonisch<br> Bei der telefonischen Kontaktaufnahme, werden die Daten gespeichert, die  uns von Ihnen mitgeteilt wurden, wie Z.B. Ihr Name, die E-Mailadresse  und ggf. die Telefonnummer. Diese personenbezogenen Daten werden  gelöscht, sobald die Speicherung nicht mehr erforderlich ist. Dies ist  dann der Fall, wenn wir Ihr Anliegen klären konnten. Rechtsgrundlage für  die Speicherung Ihren Daten ist Ihre Einwilligung, Art. 6 Abs. 1 lit. a  DS-GVO. </li><li>E-Mail<br>Alternativ ist eine Kontaktaufnahme über die E-Mail-Adresse  (cedrik.theesen@uni-oldenburg.de oder der oben angegebenen  E-Mail-Adresse) möglich. In diesem Fall werden die mit der E-Mail  übermittelten personenbezogenen Daten des Nutzers gespeichert, um Ihre  Anfrage bearbeiten zu können. Diese liegt in der eindeutig bestätigenden  Handlung der Eingabe und Zusendung Ihrer personenbezogenen. Die  Rechtsgrundlage ist somit Art. 6 lit. a DS-GVO.</li><li> Kontaktformular<br>Auf unserer Internetseite ist ein Kontaktformular vorhanden, welches für  die elektronische Kontaktaufnahme genutzt werden kann. Nehmen Sie diese  Möglichkeit wahr, so werden die in der Eingabemaske eingegeben Daten an  uns übermittelt und gespeichert. Hierbei handelt es sich um Ihren  Namen, die E-Mail und Ihre Anmerkungen. Diese Daten benötigen wir, um  Ihre Anfrage zu beantworten. Damit wir diese personenbezogenen Daten  verarbeiten können, bedarf es Ihrer Einwilligung. Diese liegt in der  eindeutig bestätigenden Handlung der Eingabe und Zusendung Ihrer  personenbezogenen. Die Rechtsgrundlage ist somit Art. 6 lit. a DS-GVO.<br> Im Zeitpunkt des Absendens der Nachricht, werden folgende Daten  gespeichert: IP-Adresse, Datum und Uhrzeit der Anfrage. Die Verarbeitung  dieser personenbezogenen Daten ist aus technischen Gründen notwendig.  Hierin liegt auch unser berechtigtes Interesse gem. Art. 6 lit. f.  DS-GVO.</li></ol></li><li> Widerrufsrecht <br>Sie haben jederzeit die Möglichkeit Ihre Einwilligung in die  Datenverarbeitung mit Wirkung für die Zukunft zu wiederrufen, indem Sie,  unter Nennung Ihres Namens und der zu widerrufenden  Einwilligungserklärung, eine E-Mail an cedrik.theesen@uni-oldenburg.de  senden. </li><li> Es erfolgt in diesem Zusammenhang keine Weitergabe der Daten an Dritte. Die Daten werden ausschließlich für die Verarbeitung der Konversation verwendet.</li><li>Die Daten werden gelöscht, sobald sie für die Erreichung des Zweckes ihrer Erhebung nicht mehr erforderlich sind. Für die personenbezogenen Daten aus der Eingabemaske des Kontaktformulars und diejenigen, die per E-Mail übersandt wurden, ist dies dann der Fall, wenn die jeweilige Konversation mit Ihnen beendet ist. Beendet ist die Konversation dann, wenn sich aus den Umständen entnehmen lässt, dass der betroffene Sachverhalt abschließend geklärt ist. Die während des Absendevorgangs zusätzlich erhobenen personenbezogenen Daten werden spätestens nach einer Frist von sieben Tagen gelöscht. </li></ol>

<p>§ 1 Informationen über die Erhebung und Verarbeitung personenbezogener Daten Im Folgenden informieren wir Sie über die Erhebung und Verwendung von personenbezogener Daten, wenn Sie unsere Website https://nemo-mobilitaet.de/ besuchen. Personenbezogene Daten sind dabei alle Daten, die auf Sie persönlich beziehbar sind. Damit Sie wissen wie Ihre personenbezogenen Daten verarbeitet werden, <a class="more-link" href="https://nemo-mobilitaet.de/blog/de/datenschutzerklaerung/">weiterlesen&#8230;</a></p>
