{"id":1917,"date":"2018-04-24T08:56:24","date_gmt":"2018-04-24T06:56:24","guid":{"rendered":"http:\/\/nemo.informatik.uni-oldenburg.de\/blog\/?page_id=1917"},"modified":"2023-02-16T19:06:52","modified_gmt":"2023-02-16T17:06:52","slug":"nemo-partnertreffen","status":"publish","type":"page","link":"https:\/\/nemo-mobilitaet.de\/blog\/de\/nemo-partnertreffen\/","title":{"rendered":"NEMo-Partnertreffen (18.04.2018)"},"content":{"rendered":"<p>Das Projektteam von \u201eNEMo \u2013 Nachhaltige Erf\u00fcllung von Mobilit\u00e4tsbed\u00fcrf\u00adnissen im l\u00e4ndlichen Raum\u201c hat seinen assoziierten Partnern aus Wirtschaft, Wissenschaft sowie Politik und Verwaltung am 18. April 2018 zentrale Zwischen\u00adergebnisse aus dem bisherigen Projektverlauf vorgestellt. Die ins\u00adge\u00adsamt 25 Teilnehmer aus dem Partnerkreis, dem Projekt\u00adbei\u00adrat sowie dem Projekt\u00adteam diskutierten die bisher erzielten Ergebnisse.<\/p>\n<p>Hier finden Sie verschiedene Unterlagen zur Veranstaltung zum Download:<\/p>\n<hr \/>\n<h5><strong>Dokumentation<\/strong><\/h5>\n<ul>\n<li>\n<div>Zusammenfassung des Partnertreffens: <a href=\"http:\/\/www.nemo-mobilitaet.de\/wp-content\/uploads\/2018\/04\/20180423_NEMo-Partnertreffen_Doku_final.pdf\" target=\"_blank\" rel=\"noopener noreferrer\">Dokumentation<\/a><\/div>\n<\/li>\n<\/ul>\n<hr \/>\n<h5><strong>Pr\u00e4sentationen<\/strong><\/h5>\n<ul>\n<li>NEMo-Team: <a href=\"http:\/\/www.nemo-mobilitaet.de\/wp-content\/uploads\/2018\/04\/20180418_NEMo-Partnertreffen_final.pdf\" target=\"_blank\" rel=\"noopener noreferrer\">Zwischenergebnisse von NEMo <\/a><\/li>\n<li>Sabine Neef und Michael Fuder (merkWATT GmbH): <a href=\"http:\/\/www.nemo-mobilitaet.de\/wp-content\/uploads\/2018\/04\/merkWATT_Neef_Fuder_AUNO_DOMO.pdf\" target=\"_blank\" rel=\"noopener noreferrer\">AUNO DOMO \u2013 Autonome Dorfmobilit\u00e4t<\/a><\/li>\n<li>Johannes Schering (Baron Mobility Service GmbH): <a href=\"http:\/\/www.nemo-mobilitaet.de\/wp-content\/uploads\/2018\/04\/Baron_Mobility_Schering_BITS.pdf\" target=\"_blank\" rel=\"noopener noreferrer\">BITS \u2013 Bicycles and Intelligent Transport Systems<\/a><\/li>\n<li>Julie King, (Metropolregion Nordwest): <a href=\"http:\/\/www.nemo-mobilitaet.de\/wp-content\/uploads\/2018\/04\/Metropolregion_King_E-Mobilitaet.pdf\" target=\"_blank\" rel=\"noopener noreferrer\">Elektromobilit\u00e4t als Schl\u00fcssel zur Mobilit\u00e4t der Zukunft<\/a><\/li>\n<\/ul>\n<hr \/>\n<div>\n<h5><strong>Impressionen<\/strong><\/h5>\n\n\t\t<style type=\"text\/css\">\n\t\t\t#gallery-1 {\n\t\t\t\tmargin: auto;\n\t\t\t}\n\t\t\t#gallery-1 .gallery-item {\n\t\t\t\tfloat: left;\n\t\t\t\tmargin-top: 10px;\n\t\t\t\ttext-align: center;\n\t\t\t\twidth: 33%;\n\t\t\t}\n\t\t\t#gallery-1 img {\n\t\t\t\tborder: 2px solid #cfcfcf;\n\t\t\t}\n\t\t\t#gallery-1 .gallery-caption {\n\t\t\t\tmargin-left: 0;\n\t\t\t}\n\t\t\t\/* see gallery_shortcode() in wp-includes\/media.php *\/\n\t\t<\/style>\n\t\t<div id='gallery-1' class='gallery galleryid-1917 gallery-columns-3 gallery-size-thumbnail'><dl class='gallery-item'>\n\t\t\t<dt class='gallery-icon landscape'>\n\t\t\t\t<a href='https:\/\/nemo-mobilitaet.de\/blog\/de\/nemo_2\/'><img width=\"150\" height=\"150\" src=\"https:\/\/nemo-mobilitaet.de\/wp-content\/uploads\/2018\/04\/NEMo_2-150x150.jpg\" class=\"attachment-thumbnail size-thumbnail\" alt=\"\" decoding=\"async\" loading=\"lazy\" \/><\/a>\n\t\t\t<\/dt><\/dl><dl class='gallery-item'>\n\t\t\t<dt class='gallery-icon landscape'>\n\t\t\t\t<a href='https:\/\/nemo-mobilitaet.de\/blog\/de\/veranstaltungen\/archiv\/nemo_1\/#main'><img width=\"150\" height=\"150\" src=\"https:\/\/nemo-mobilitaet.de\/wp-content\/uploads\/2018\/04\/NEMo_1-150x150.jpeg\" class=\"attachment-thumbnail size-thumbnail\" alt=\"\" decoding=\"async\" loading=\"lazy\" \/><\/a>\n\t\t\t<\/dt><\/dl><dl class='gallery-item'>\n\t\t\t<dt class='gallery-icon landscape'>\n\t\t\t\t<a href='https:\/\/nemo-mobilitaet.de\/blog\/de\/nemo_3\/'><img width=\"150\" height=\"150\" src=\"https:\/\/nemo-mobilitaet.de\/wp-content\/uploads\/2018\/04\/NEMo_3-150x150.jpg\" class=\"attachment-thumbnail size-thumbnail\" alt=\"\" decoding=\"async\" loading=\"lazy\" \/><\/a>\n\t\t\t<\/dt><\/dl><br style=\"clear: both\" \/>\n\t\t<\/div>\n\n<\/div>\n","protected":false},"excerpt":{"rendered":"<p>Das Projektteam von \u201eNEMo \u2013 Nachhaltige Erf\u00fcllung von Mobilit\u00e4tsbed\u00fcrf\u00adnissen im l\u00e4ndlichen Raum\u201c hat seinen assoziierten Partnern aus Wirtschaft, Wissenschaft sowie Politik und Verwaltung am 18. April 2018 zentrale Zwischen\u00adergebnisse aus dem bisherigen Projektverlauf vorgestellt. Die ins\u00adge\u00adsamt 25 Teilnehmer aus dem Partnerkreis, dem Projekt\u00adbei\u00adrat sowie dem Projekt\u00adteam diskutierten die bisher erzielten <a class=\"more-link\" href=\"https:\/\/nemo-mobilitaet.de\/blog\/de\/nemo-partnertreffen\/\">weiterlesen&#8230;<\/a><\/p>\n","protected":false},"author":1,"featured_media":0,"parent":0,"menu_order":0,"comment_status":"closed","ping_status":"closed","template":"","meta":{"footnotes":"","_links_to":"","_links_to_target":""},"_links":{"self":[{"href":"https:\/\/nemo-mobilitaet.de\/blog\/wp-json\/wp\/v2\/pages\/1917"}],"collection":[{"href":"https:\/\/nemo-mobilitaet.de\/blog\/wp-json\/wp\/v2\/pages"}],"about":[{"href":"https:\/\/nemo-mobilitaet.de\/blog\/wp-json\/wp\/v2\/types\/page"}],"author":[{"embeddable":true,"href":"https:\/\/nemo-mobilitaet.de\/blog\/wp-json\/wp\/v2\/users\/1"}],"replies":[{"embeddable":true,"href":"https:\/\/nemo-mobilitaet.de\/blog\/wp-json\/wp\/v2\/comments?post=1917"}],"version-history":[{"count":13,"href":"https:\/\/nemo-mobilitaet.de\/blog\/wp-json\/wp\/v2\/pages\/1917\/revisions"}],"predecessor-version":[{"id":3278,"href":"https:\/\/nemo-mobilitaet.de\/blog\/wp-json\/wp\/v2\/pages\/1917\/revisions\/3278"}],"wp:attachment":[{"href":"https:\/\/nemo-mobilitaet.de\/blog\/wp-json\/wp\/v2\/media?parent=1917"}],"curies":[{"name":"wp","href":"https:\/\/api.w.org\/{rel}","templated":true}]}}

<p>Das Projektteam von „NEMo – Nachhaltige Erfüllung von Mobilitätsbedürf­nissen im ländlichen Raum“ hat seinen assoziierten Partnern aus Wirtschaft, Wissenschaft sowie Politik und Verwaltung am 18. April 2018 zentrale Zwischen­ergebnisse aus dem bisherigen Projektverlauf vorgestellt. Die ins­ge­samt 25 Teilnehmer aus dem Partnerkreis, dem Projekt­bei­rat sowie dem Projekt­team diskutierten die bisher erzielten Ergebnisse.</p>
<p>Hier finden Sie verschiedene Unterlagen zur Veranstaltung zum Download:</p>
<hr />
<h5><strong>Dokumentation</strong></h5>
<ul>
<li>
<div>Zusammenfassung des Partnertreffens: <a href="http://www.nemo-mobilitaet.de/wp-content/uploads/2018/04/20180423_NEMo-Partnertreffen_Doku_final.pdf" target="_blank" rel="noopener noreferrer">Dokumentation</a></div>
</li>
</ul>
<hr />
<h5><strong>Präsentationen</strong></h5>
<ul>
<li>NEMo-Team: <a href="http://www.nemo-mobilitaet.de/wp-content/uploads/2018/04/20180418_NEMo-Partnertreffen_final.pdf" target="_blank" rel="noopener noreferrer">Zwischenergebnisse von NEMo </a></li>
<li>Sabine Neef und Michael Fuder (merkWATT GmbH): <a href="http://www.nemo-mobilitaet.de/wp-content/uploads/2018/04/merkWATT_Neef_Fuder_AUNO_DOMO.pdf" target="_blank" rel="noopener noreferrer">AUNO DOMO – Autonome Dorfmobilität</a></li>
<li>Johannes Schering (Baron Mobility Service GmbH): <a href="http://www.nemo-mobilitaet.de/wp-content/uploads/2018/04/Baron_Mobility_Schering_BITS.pdf" target="_blank" rel="noopener noreferrer">BITS – Bicycles and Intelligent Transport Systems</a></li>
<li>Julie King, (Metropolregion Nordwest): <a href="http://www.nemo-mobilitaet.de/wp-content/uploads/2018/04/Metropolregion_King_E-Mobilitaet.pdf" target="_blank" rel="noopener noreferrer">Elektromobilität als Schlüssel zur Mobilität der Zukunft</a></li>
</ul>
<hr />
<div>
<h5><strong>Impressionen</strong></h5>

		<style type="text/css">
			#gallery-1 {
				margin: auto;
			}
			#gallery-1 .gallery-item {
				float: left;
				margin-top: 10px;
				text-align: center;
				width: 33%;
			}
			#gallery-1 img {
				border: 2px solid #cfcfcf;
			}
			#gallery-1 .gallery-caption {
				margin-left: 0;
			}
			/* see gallery_shortcode() in wp-includes/media.php */
		</style>
		<div id='gallery-1' class='gallery galleryid-1917 gallery-columns-3 gallery-size-thumbnail'><dl class='gallery-item'>
			<dt class='gallery-icon landscape'>
				<a href='https://nemo-mobilitaet.de/blog/de/nemo_2/'><img width="150" height="150" src="https://nemo-mobilitaet.de/wp-content/uploads/2018/04/NEMo_2-150x150.jpg" class="attachment-thumbnail size-thumbnail" alt="" decoding="async" loading="lazy" /></a>
			</dt></dl><dl class='gallery-item'>
			<dt class='gallery-icon landscape'>
				<a href='https://nemo-mobilitaet.de/blog/de/veranstaltungen/archiv/nemo_1/#main'><img width="150" height="150" src="https://nemo-mobilitaet.de/wp-content/uploads/2018/04/NEMo_1-150x150.jpeg" class="attachment-thumbnail size-thumbnail" alt="" decoding="async" loading="lazy" /></a>
			</dt></dl><dl class='gallery-item'>
			<dt class='gallery-icon landscape'>
				<a href='https://nemo-mobilitaet.de/blog/de/nemo_3/'><img width="150" height="150" src="https://nemo-mobilitaet.de/wp-content/uploads/2018/04/NEMo_3-150x150.jpg" class="attachment-thumbnail size-thumbnail" alt="" decoding="async" loading="lazy" /></a>
			</dt></dl><br style="clear: both" />
		</div>

</div>

<p>Das Projektteam von „NEMo – Nachhaltige Erfüllung von Mobilitätsbedürf­nissen im ländlichen Raum“ hat seinen assoziierten Partnern aus Wirtschaft, Wissenschaft sowie Politik und Verwaltung am 18. April 2018 zentrale Zwischen­ergebnisse aus dem bisherigen Projektverlauf vorgestellt. Die ins­ge­samt 25 Teilnehmer aus dem Partnerkreis, dem Projekt­bei­rat sowie dem Projekt­team diskutierten die bisher erzielten <a class="more-link" href="https://nemo-mobilitaet.de/blog/de/nemo-partnertreffen/">weiterlesen&#8230;</a></p>
