{"id":1423,"date":"2017-11-01T15:32:00","date_gmt":"2017-11-01T13:32:00","guid":{"rendered":"http:\/\/nemo.informatik.uni-oldenburg.de\/blog\/?page_id=1423"},"modified":"2020-08-25T11:41:58","modified_gmt":"2020-08-25T09:41:58","slug":"projektvideo","status":"publish","type":"page","link":"https:\/\/nemo-mobilitaet.de\/blog\/de\/projektvideo\/","title":{"rendered":"Projektvideo"},"content":{"rendered":"\n<p>Was haben wir Forschungsprojekt \u201eNEMo \u2013 Nachhaltige Erf\u00fcllung von Mobilit\u00e4tsbed\u00fcrfnissen im l\u00e4ndlichen Raum\u201c erreicht? Diese und weitere Fragen beantwortet das folgende Video: <a href=\"https:\/\/www.youtube.com\/watch?v=AJSgEhPnUWg\" target=\"_blank\" rel=\"noreferrer noopener\">Bei YouTube aufrufen<\/a><\/p>\n\n\n\n<iframe loading=\"lazy\" src=\"https:\/\/www.youtube.com\/embed\/AJSgEhPnUWg\" allow=\"accelerometer; autoplay; encrypted-media; gyroscope; picture-in-picture\" allowfullscreen=\"\" width=\"560\" height=\"315\" frameborder=\"0\"><\/iframe><br>\n\n\n\n<p>Wer steckt eigentlich hinter dem Forschungsprojekt \u201eNEMo \u2013 Nachhaltige Erf\u00fcllung von Mobilit\u00e4tsbed\u00fcrfnissen im l\u00e4ndlichen Raum\u201c? Welche Ziele verfolgt NEMo? Diese und weitere Fragen beantwortet das folgende Video:<\/p>\n\n\n\n<figure><iframe loading=\"lazy\" src=\"https:\/\/www.youtube.com\/embed\/Z6CM7oaXc_s\" allow=\"accelerometer; autoplay; encrypted-media; gyroscope; picture-in-picture\" allowfullscreen=\"\" width=\"560\" height=\"315\" frameborder=\"0\"><\/iframe><\/figure>\n","protected":false},"excerpt":{"rendered":"<p>Was haben wir Forschungsprojekt \u201eNEMo \u2013 Nachhaltige Erf\u00fcllung von Mobilit\u00e4tsbed\u00fcrfnissen im l\u00e4ndlichen Raum\u201c erreicht? Diese und weitere Fragen beantwortet das folgende Video: Bei YouTube aufrufen Wer steckt eigentlich hinter dem Forschungsprojekt \u201eNEMo \u2013 Nachhaltige Erf\u00fcllung von Mobilit\u00e4tsbed\u00fcrfnissen im l\u00e4ndlichen Raum\u201c? Welche Ziele verfolgt NEMo? Diese und weitere Fragen beantwortet das <a class=\"more-link\" href=\"https:\/\/nemo-mobilitaet.de\/blog\/de\/projektvideo\/\">weiterlesen&#8230;<\/a><\/p>\n","protected":false},"author":1,"featured_media":0,"parent":0,"menu_order":0,"comment_status":"closed","ping_status":"closed","template":"","meta":{"footnotes":"","_links_to":"","_links_to_target":""},"_links":{"self":[{"href":"https:\/\/nemo-mobilitaet.de\/blog\/wp-json\/wp\/v2\/pages\/1423"}],"collection":[{"href":"https:\/\/nemo-mobilitaet.de\/blog\/wp-json\/wp\/v2\/pages"}],"about":[{"href":"https:\/\/nemo-mobilitaet.de\/blog\/wp-json\/wp\/v2\/types\/page"}],"author":[{"embeddable":true,"href":"https:\/\/nemo-mobilitaet.de\/blog\/wp-json\/wp\/v2\/users\/1"}],"replies":[{"embeddable":true,"href":"https:\/\/nemo-mobilitaet.de\/blog\/wp-json\/wp\/v2\/comments?post=1423"}],"version-history":[{"count":12,"href":"https:\/\/nemo-mobilitaet.de\/blog\/wp-json\/wp\/v2\/pages\/1423\/revisions"}],"predecessor-version":[{"id":3200,"href":"https:\/\/nemo-mobilitaet.de\/blog\/wp-json\/wp\/v2\/pages\/1423\/revisions\/3200"}],"wp:attachment":[{"href":"https:\/\/nemo-mobilitaet.de\/blog\/wp-json\/wp\/v2\/media?parent=1423"}],"curies":[{"name":"wp","href":"https:\/\/api.w.org\/{rel}","templated":true}]}}

<p>Was haben wir Forschungsprojekt „NEMo – Nachhaltige Erfüllung von Mobilitätsbedürfnissen im ländlichen Raum“ erreicht? Diese und weitere Fragen beantwortet das folgende Video: <a href="https://www.youtube.com/watch?v=AJSgEhPnUWg" target="_blank" rel="noreferrer noopener">Bei YouTube aufrufen</a></p>



<iframe loading="lazy" src="https://www.youtube.com/embed/AJSgEhPnUWg" allow="accelerometer; autoplay; encrypted-media; gyroscope; picture-in-picture" allowfullscreen="" width="560" height="315" frameborder="0"></iframe><br>



<p>Wer steckt eigentlich hinter dem Forschungsprojekt „NEMo – Nachhaltige Erfüllung von Mobilitätsbedürfnissen im ländlichen Raum“? Welche Ziele verfolgt NEMo? Diese und weitere Fragen beantwortet das folgende Video:</p>



<figure><iframe loading="lazy" src="https://www.youtube.com/embed/Z6CM7oaXc_s" allow="accelerometer; autoplay; encrypted-media; gyroscope; picture-in-picture" allowfullscreen="" width="560" height="315" frameborder="0"></iframe></figure>

<p>Was haben wir Forschungsprojekt „NEMo – Nachhaltige Erfüllung von Mobilitätsbedürfnissen im ländlichen Raum“ erreicht? Diese und weitere Fragen beantwortet das folgende Video: Bei YouTube aufrufen Wer steckt eigentlich hinter dem Forschungsprojekt „NEMo – Nachhaltige Erfüllung von Mobilitätsbedürfnissen im ländlichen Raum“? Welche Ziele verfolgt NEMo? Diese und weitere Fragen beantwortet das <a class="more-link" href="https://nemo-mobilitaet.de/blog/de/projektvideo/">weiterlesen&#8230;</a></p>
