{"id":122,"date":"2016-04-07T19:56:30","date_gmt":"2016-04-07T17:56:30","guid":{"rendered":"http:\/\/www.nemo-mobilitaet.de\/blog\/?page_id=122"},"modified":"2023-02-16T18:48:27","modified_gmt":"2023-02-16T16:48:27","slug":"projektinformationen","status":"publish","type":"page","link":"https:\/\/nemo-mobilitaet.de\/blog\/de\/projekt\/projektinformationen\/","title":{"rendered":"Projektinformationen"},"content":{"rendered":"<p style=\"text-align: justify;\">Aufgrund des demografischen Wandels wird es f\u00fcr Landkreise und Gemeinden zunehmend schwieriger, ein Grundangebot an \u00f6ffentlichen Mobilit\u00e4tsdienstleistungen wie Bus und Bahn vorzuhalten, ohne die Frage nach notwendiger sozialer Teilhabe, sinnvoller regionaler Wertsch\u00f6pfung und nicht zuletzt auch realisierbaren Umweltschutzzielen zu stellen. Dabei wird der Mobilit\u00e4tsbedarf auf dem Land in Zukunft, beispielsweise durch die Ballung von medizinischen Versorgungseinrichtungen und Einkaufszentren in Stadtn\u00e4he, weiter zunehmen.Bereits heute stehen die \u00f6rtlichen Verkehrsbetriebe vor der Herausforderung, die Erreichbarkeit von Arbeits- und Ausbildungspl\u00e4tzen, Schulen, Gesundheitszentren sowie Freizeitm\u00f6glichkeiten aus dem l\u00e4ndlichen Bereich zuverl\u00e4ssig zu gew\u00e4hrleisten.<\/p>\n<p style=\"text-align: justify;\">Angesichts dieser Problemlage verfolgt das Forschungsvorhaben NEMo die Entwicklung von nachhaltigen und innovativen Mobilit\u00e4tsdienstleistungen sowie darauf basierenden Gesch\u00e4ftsmodellen f\u00fcr den l\u00e4ndlichen Raum. Dabei will NEMo neue Mobilit\u00e4tsangebote schaffen, in denen auch der B\u00fcrger zum Mobilit\u00e4tsanbieter wird. So k\u00f6nnten beispielsweise selten angefahrene Haltepunkte des \u00f6ffentlichen Personennahverkehrs zus\u00e4tzlich auch von Privatpersonen mit dem eigenen PKW zur Mitnahme weiterer Personen bedient werden. Durch eine h\u00f6here Personenauslastung des privaten PKWs k\u00f6nnen Versorgungsl\u00fccken geschlossen und insgesamt das Verkehrsaufkommen und die damit verbundenen negativen Umweltauswirkungen reduziert werden.<\/p>\n<div id=\"attachment_161\" style=\"width: 710px\" class=\"wp-caption aligncenter\"><img aria-describedby=\"caption-attachment-161\" decoding=\"async\" loading=\"lazy\" class=\"wp-image-161\" src=\"http:\/\/www.nemo-mobilitaet.de\/blog\/wp-content\/uploads\/2016\/04\/integratives_angebot-1024x544.png\" alt=\"integratives_angebot\" width=\"700\" height=\"372\" srcset=\"https:\/\/nemo-mobilitaet.de\/wp-content\/uploads\/2016\/04\/integratives_angebot-1024x544.png 1024w, https:\/\/nemo-mobilitaet.de\/wp-content\/uploads\/2016\/04\/integratives_angebot-300x159.png 300w, https:\/\/nemo-mobilitaet.de\/wp-content\/uploads\/2016\/04\/integratives_angebot-768x408.png 768w\" sizes=\"(max-width: 700px) 100vw, 700px\" \/><p id=\"caption-attachment-161\" class=\"wp-caption-text\">Abbildung: Zieltransformation eines integrativen Angebots im ruralen Raum<\/p><\/div>\n<p style=\"text-align: justify;\">Zur Planung und Steuerung dieser neuen l\u00e4ndlichen Mobilit\u00e4t nehmen Informations- und Telekommunikationstechnologien eine Schl\u00fcsselfunktion ein. Im Rahmen des Vorhabens werden zun\u00e4chst spezifische Anforderungen und auch Akzeptanzgrenzen dieser neuen Mobilit\u00e4t erfasst und anschlie\u00dfend in ein rechtskonformes Konzept \u00fcberf\u00fchrt. Von Beginn an werden B\u00fcrger und \u00f6ffentliche Mobilit\u00e4tsanbieter in das Projekt eingebunden, damit sich die tats\u00e4chlichen Bed\u00fcrfnisse und Hindernisse fr\u00fchzeitig erkennen, ber\u00fccksichtigen und l\u00f6sen lassen.<\/p>\n<p style=\"text-align: justify;\">Ein besonderes Augenmerk liegt hier neben der Koordination und Vernetzung aller Akteure, insbesondere auf der Selbstorganisation der B\u00fcrger (z.B. Fahrgemeinschaften und Nachbarschaftsauto). F\u00fcr die Bereitstellung eines umfassenden und offenen Mobilit\u00e4tsangebots werden wirtschaftliche, gesellschaftliche und organisatorische Konzepte entwickelt. Diese Konzepte werden in einer vernetzten Plattform f\u00fcr den l\u00e4ndlichen Raum Oldenburg und den Landkreis Wesermarsch zusammengef\u00fchrt, getestet und im engen Dialog mit den B\u00fcrgern bewertet.<\/p>\n<p>Die VolkswagenStiftung f\u00f6rdert das Projekt NEMo mit mehr als 1,5 Millionen Euro. Neben den acht beteiligten Lehrst\u00fchlen wird das Projekt durch eine Vielzahl assoziierte Partner (Kommunen, Kammern, Unternehmen und weitere Forschungseinrichtungen) unterst\u00fctzt.<\/p>\n<p style=\"text-align: justify;\">Weitere Informationen:<a href=\"http:\/\/nemo-mobilitaet.de\/wp-content\/uploads\/2016\/07\/NEMo-Kurzvorstellung.pdf\"> Kurzvorstellung von NEMo (Foliensatz)<\/a><\/p>\n<p style=\"text-align: justify;\">\n","protected":false},"excerpt":{"rendered":"<p>Aufgrund des demografischen Wandels wird es f\u00fcr Landkreise und Gemeinden zunehmend schwieriger, ein Grundangebot an \u00f6ffentlichen Mobilit\u00e4tsdienstleistungen wie Bus und Bahn vorzuhalten, ohne die Frage nach notwendiger sozialer Teilhabe, sinnvoller regionaler Wertsch\u00f6pfung und nicht zuletzt auch realisierbaren Umweltschutzzielen zu stellen. Dabei wird der Mobilit\u00e4tsbedarf auf dem Land in Zukunft, beispielsweise <a class=\"more-link\" href=\"https:\/\/nemo-mobilitaet.de\/blog\/de\/projekt\/projektinformationen\/\">weiterlesen&#8230;<\/a><\/p>\n","protected":false},"author":1,"featured_media":0,"parent":23,"menu_order":0,"comment_status":"closed","ping_status":"closed","template":"","meta":{"footnotes":"","_links_to":"","_links_to_target":""},"_links":{"self":[{"href":"https:\/\/nemo-mobilitaet.de\/blog\/wp-json\/wp\/v2\/pages\/122"}],"collection":[{"href":"https:\/\/nemo-mobilitaet.de\/blog\/wp-json\/wp\/v2\/pages"}],"about":[{"href":"https:\/\/nemo-mobilitaet.de\/blog\/wp-json\/wp\/v2\/types\/page"}],"author":[{"embeddable":true,"href":"https:\/\/nemo-mobilitaet.de\/blog\/wp-json\/wp\/v2\/users\/1"}],"replies":[{"embeddable":true,"href":"https:\/\/nemo-mobilitaet.de\/blog\/wp-json\/wp\/v2\/comments?post=122"}],"version-history":[{"count":14,"href":"https:\/\/nemo-mobilitaet.de\/blog\/wp-json\/wp\/v2\/pages\/122\/revisions"}],"predecessor-version":[{"id":3266,"href":"https:\/\/nemo-mobilitaet.de\/blog\/wp-json\/wp\/v2\/pages\/122\/revisions\/3266"}],"up":[{"embeddable":true,"href":"https:\/\/nemo-mobilitaet.de\/blog\/wp-json\/wp\/v2\/pages\/23"}],"wp:attachment":[{"href":"https:\/\/nemo-mobilitaet.de\/blog\/wp-json\/wp\/v2\/media?parent=122"}],"curies":[{"name":"wp","href":"https:\/\/api.w.org\/{rel}","templated":true}]}}

<p style="text-align: justify;">Aufgrund des demografischen Wandels wird es für Landkreise und Gemeinden zunehmend schwieriger, ein Grundangebot an öffentlichen Mobilitätsdienstleistungen wie Bus und Bahn vorzuhalten, ohne die Frage nach notwendiger sozialer Teilhabe, sinnvoller regionaler Wertschöpfung und nicht zuletzt auch realisierbaren Umweltschutzzielen zu stellen. Dabei wird der Mobilitätsbedarf auf dem Land in Zukunft, beispielsweise durch die Ballung von medizinischen Versorgungseinrichtungen und Einkaufszentren in Stadtnähe, weiter zunehmen.Bereits heute stehen die örtlichen Verkehrsbetriebe vor der Herausforderung, die Erreichbarkeit von Arbeits- und Ausbildungsplätzen, Schulen, Gesundheitszentren sowie Freizeitmöglichkeiten aus dem ländlichen Bereich zuverlässig zu gewährleisten.</p>
<p style="text-align: justify;">Angesichts dieser Problemlage verfolgt das Forschungsvorhaben NEMo die Entwicklung von nachhaltigen und innovativen Mobilitätsdienstleistungen sowie darauf basierenden Geschäftsmodellen für den ländlichen Raum. Dabei will NEMo neue Mobilitätsangebote schaffen, in denen auch der Bürger zum Mobilitätsanbieter wird. So könnten beispielsweise selten angefahrene Haltepunkte des öffentlichen Personennahverkehrs zusätzlich auch von Privatpersonen mit dem eigenen PKW zur Mitnahme weiterer Personen bedient werden. Durch eine höhere Personenauslastung des privaten PKWs können Versorgungslücken geschlossen und insgesamt das Verkehrsaufkommen und die damit verbundenen negativen Umweltauswirkungen reduziert werden.</p>
<div id="attachment_161" style="width: 710px" class="wp-caption aligncenter"><img aria-describedby="caption-attachment-161" decoding="async" loading="lazy" class="wp-image-161" src="http://www.nemo-mobilitaet.de/blog/wp-content/uploads/2016/04/integratives_angebot-1024x544.png" alt="integratives_angebot" width="700" height="372" srcset="https://nemo-mobilitaet.de/wp-content/uploads/2016/04/integratives_angebot-1024x544.png 1024w, https://nemo-mobilitaet.de/wp-content/uploads/2016/04/integratives_angebot-300x159.png 300w, https://nemo-mobilitaet.de/wp-content/uploads/2016/04/integratives_angebot-768x408.png 768w" sizes="(max-width: 700px) 100vw, 700px" /><p id="caption-attachment-161" class="wp-caption-text">Abbildung: Zieltransformation eines integrativen Angebots im ruralen Raum</p></div>
<p style="text-align: justify;">Zur Planung und Steuerung dieser neuen ländlichen Mobilität nehmen Informations- und Telekommunikationstechnologien eine Schlüsselfunktion ein. Im Rahmen des Vorhabens werden zunächst spezifische Anforderungen und auch Akzeptanzgrenzen dieser neuen Mobilität erfasst und anschließend in ein rechtskonformes Konzept überführt. Von Beginn an werden Bürger und öffentliche Mobilitätsanbieter in das Projekt eingebunden, damit sich die tatsächlichen Bedürfnisse und Hindernisse frühzeitig erkennen, berücksichtigen und lösen lassen.</p>
<p style="text-align: justify;">Ein besonderes Augenmerk liegt hier neben der Koordination und Vernetzung aller Akteure, insbesondere auf der Selbstorganisation der Bürger (z.B. Fahrgemeinschaften und Nachbarschaftsauto). Für die Bereitstellung eines umfassenden und offenen Mobilitätsangebots werden wirtschaftliche, gesellschaftliche und organisatorische Konzepte entwickelt. Diese Konzepte werden in einer vernetzten Plattform für den ländlichen Raum Oldenburg und den Landkreis Wesermarsch zusammengeführt, getestet und im engen Dialog mit den Bürgern bewertet.</p>
<p>Die VolkswagenStiftung fördert das Projekt NEMo mit mehr als 1,5 Millionen Euro. Neben den acht beteiligten Lehrstühlen wird das Projekt durch eine Vielzahl assoziierte Partner (Kommunen, Kammern, Unternehmen und weitere Forschungseinrichtungen) unterstützt.</p>
<p style="text-align: justify;">Weitere Informationen:<a href="http://nemo-mobilitaet.de/wp-content/uploads/2016/07/NEMo-Kurzvorstellung.pdf"> Kurzvorstellung von NEMo (Foliensatz)</a></p>
<p style="text-align: justify;">

<p>Aufgrund des demografischen Wandels wird es für Landkreise und Gemeinden zunehmend schwieriger, ein Grundangebot an öffentlichen Mobilitätsdienstleistungen wie Bus und Bahn vorzuhalten, ohne die Frage nach notwendiger sozialer Teilhabe, sinnvoller regionaler Wertschöpfung und nicht zuletzt auch realisierbaren Umweltschutzzielen zu stellen. Dabei wird der Mobilitätsbedarf auf dem Land in Zukunft, beispielsweise <a class="more-link" href="https://nemo-mobilitaet.de/blog/de/projekt/projektinformationen/">weiterlesen&#8230;</a></p>
